ert 731 (base 9) to base 5.
4340
What is -1d8 (base 16) in base 3?
-122111
What is 1232032 (base 4) in base 5?
211204
What is 85c (base 16) in base 11?
1676
Convert 102213 (base 5) to base 11.
2641
What is -c8c (base 13) in base 7?
-6152
Convert 200001 (base 3) to base 6.
2131
What is -100000100100 (base 2) in base 5?
-31314
Convert -971 (base 12) to base 10.
-1381
1110101000000 (base 2) to base 5
214423
Convert 200 (base 16) to base 4.
20000
What is -113 (base 15) in base 13?
-159
-3623 (base 7) to base 11
-1009
Convert -74 (base 15) to base 2.
-1101101
149 (base 10) to base 9
175
12e3 (base 16) to base 9
6562
What is -2fc (base 16) in base 7?
-2141
Convert -378 (base 14) to base 3.
-221201
What is -444 (base 10) in base 2?
-110111100
What is 53a0 (base 12) in base 9?
13543
What is -4bcc (base 14) in base 13?
-60a0
-42a9 (base 11) to base 14
-2101
Convert -1001111110 (base 2) to base 15.
-2c8
What is -753 (base 9) in base 15?
-2b0
20006 (base 8) to base 4
2000012
505235 (base 6) to base 14
10851
Convert 112 (base 5) to base 3.
1012
Convert -10101111101 (base 2) to base 12.
-991
-20110 (base 6) to base 12
-1636
Convert 418 (base 9) to base 8.
525
3405 (base 12) to base 3
21220112
What is -3541 (base 6) in base 16?
-355
-53 (base 6) to base 16
-21
Convert -12100 (base 6) to base 11.
-1364
707 (base 11) to base 8
1526
What is 2425 (base 8) in base 11?
a83
14743 (base 12) to base 5
1404312
What is -13005 (base 6) in base 10?
-1949
208 (base 14) to base 12
294
-5224 (base 7) to base 3
-2111211
Convert 649 (base 13) to base 4.
100303
171c (base 15) to base 5
124402
What is -2e7 (base 16) in base 5?
-10433
What is 5150 (base 7) in base 16?
707
Convert -11010100010 (base 2) to base 14.
-894
-6453 (base 9) to base 7
-16560
13221 (base 8) to base 16
1691
-142450 (base 7) to base 16
-6ac0
461 (base 9) to base 13
232
Convert -670 (base 10) to base 11.
-55a
-5301 (base 10) to base 3
-21021100
Convert 1414240 (base 5) to base 10.
29320
What is 31244 (base 5) in base 6?
13334
Convert 367 (base 15) to base 4.
30010
What is -50295 (base 10) in base 7?
-266430
Convert 61d (base 14) to base 9.
1576
Convert 192 (base 10) to base 8.
300
14512 (base 6) to base 9
3188
24242 (base 5) to base 3
2111111
Convert 9725 (base 10) to base 3.
111100012
Convert -6040 (base 7) to base 10.
-2086
271 (base 10) to base 12
1a7
220 (base 4) to base 9
44
Convert -13652 (base 10) to base 7.
-54542
What is -1211022 (base 4) in base 2?
-1100101001010
Convert -40206 (base 7) to base 12.
-5750
Convert 344 (base 7) to base 8.
263
32122232 (base 4) to base 13
20b58
What is dc (base 15) in base 7?
414
Convert -22221101 (base 3) to base 11.
-4995
What is -114354 (base 7) in base 12?
-10026
Convert 244 (base 8) to base 3.
20002
What is -10010100 (base 2) in base 13?
-b5
13a3 (base 12) to base 5
33113
-99 (base 16) to base 11
-12a
Convert -47641 (base 8) to base 7.
-113301
-19874 (base 11) to base 2
-110110000010101
What is 11000110 (base 2) in base 9?
240
22c (base 16) to base 3
202121
Convert 4043 (base 5) to base 2.
1000001011
What is -11000101010110 (base 2) in base 12?
-7386
-184f (base 16) to base 13
-2aa9
What is -83 (base 10) in base 9?
-102
What is -65914 (base 11) in base 2?
-10111010101110101
What is -31313 (base 10) in base 13?
-11339
-1011110100011010 (base 2) to base 10
-48410
Convert -1100100011 (base 2) to base 16.
-323
-21030 (base 4) to base 10
-588
What is 130162 (base 7) in base 6?
303331
34155 (base 6) to base 5
123243
What is -518 (base 9) in base 16?
-1a6
What is 436 (base 8) in base 11?
240
100001110011010 (base 2) to base 4
10032122
-112110 (base 3) to base 6
-1450
What is -660 (base 16) in base 12?
-b40
What is -426 (base 12) in base 6?
-2450
-10011111 (base 2) to base 15
-a9
-475c (base 14) to base 8
-30216
Convert 11101000 (base 2) to base 8.
350
What is 12101011 (base 4) in base 5?
1310134
-43652 (base 7) to base 6
-122432
What is 104133 (base 6) in base 11?
6597
Convert 726 (base 10) to base 15.
336
Convert 10424 (base 8) to base 12.
2644
-18b (base 13) to base 4
-10130
What is -10100012 (base 3) in base 2?
-100110000011
-100100001011 (base 2) to base 5
-33230
-1422211 (base 6) to base 8
-235737
What is -4332 (base 5) in base 12?
-414
What is -65674 (base 9) in base 3?
-2012202111
815 (base 10) to base 2
1100101111
267b (base 15) to base 10
8216
21012 (base 4) to base 7
1461
What is 11 (base 10) in base 5?
21
205 (base 9) to base 13
cb
Convert 422 (base 10) to base 12.
2b2
3030 (base 6) to base 9
820
What is -10000110000111 (base 2) in base 14?
-31b1
What is 2846 (base 10) in base 12?
1792
1010021211 (base 3) to base 11
15654
1cd1 (base 14) to base 9
7215
24065 (base 11) to base 9
52510
Convert -21 (base 9) to base 13.
-16
What is -105561 (base 7) in base 15?
-5890
-204400 (base 6) to base 15
-4d90
What is 43b (base 13) in base 10?
726
Convert -1b25 (base 12) to base 6.
-23245
Convert 20698 (base 10) to base 15.
61ed
-212202212 (base 3) to base 13
-7b71
What is 2421 (base 5) in base 11?
2a9
What is 11010 (base 4) in base 15?
169
-41730 (base 10) to base 6
-521110
What is 1113 (base 6) in base 4?
10011
122232 (base 4) to base 5
23320
What is 2282 (base 11) in base 10?
2994
-22404 (base 8) to base 2
-10010100000100
What is 6636 (base 11) in base 10?
8751
1111101010110 (base 2) to base 11
6033
304414 (base 5) to base 2
10011100000000
Convert -490 (base 11) to base 12.
-407
3112 (base 6) to base 8
1264
Convert 348 (base 11) to base 3.
120101
Convert 1748 (base 11) to base 14.
b54
What is -978a (base 11) in base 13?
-5b62
20000111 (base 3) to base 16
1123
What is 3687 (base 9) in base 5?
42002
What is 31120 (base 5) in base 8?
3763
3c5 (base 13) to base 2
1010011100
28860 (base 10) to base 4
13002330
-111 (base 11) to base 10
-133
What is 1654 (base 7) in base 8?
1244
Convert -223 (base 14) to base 2.
-110100111
What is 1053 (base 14) in base 13?
1389
Convert -3002 (base 4) to base 10.
-194
-2021022100 (base 3) to base 9
-67270
What is 110001000010101 (base 2) in base 3?
1021102222
What is -103324 (base 6) in base 13?
-3b77
Convert 336554 (base 7) to base 13.
213aa
What is -2b16 (base 12) in base 7?
-20514
-1153 (base 9) to base 3
-1011210
Convert -13553 (base 7) to base 8.
-7201
What is -18420 (base 9) in base 8?
-30677
What is -110110100 (base 2) in base 10?
-436
What is -102111 (base 3) in base 16?
-136
Convert -530 (base 11) to base 3.
-212122
What is 851 (base 9) in base 12?
49a
What is 10010011100001 (base 2) in base 9?
13850
Convert 1703 (base 8) to base 9.
1280
What is -154411 (base 7) in base 9?
-45614
What is -77 (base 10) in base 15?
-52
2422 (base 8) to base 4
110102
-10101000100000100 (base 2) to base 11
-59903
What is -14e9 (base 16) in base 7?
-21415
2100202 (base 3) to base 7
5006
What is 49629 (base 10) in base 6?
1021433
Convert -4a90 (base 16) to base 10.
-19088
-22773 (base 9) to base 10
-15213
Convert -21023 (base 5) to base 8.
-2554
Convert -1911 (base 10) to base 2.
-11101110111
Convert 57a0 (base 11) to base 9.
11387
Convert -1254 (base 11) to base 5.
-23012
-40b6 (base 14) to base 12
-6540
Convert -24754 (base 8) to base 7.
-43201
Convert 1100130 (base 6) to base 11.
37a33
What is 1020023 (base 5) in base 14?
6224
Convert a4de (base 16) to base 11.
2978a
What is -70a (base 13) in base 16?
-4a9
-159 (base 13) to base 11
-201
What is 2433 (base 10) in base 12?
14a9
Convert -2011 (base 3) to base 2.
-111010
What is -2544 (base 7) in base 6?
-4243
Convert -443201 (base 5) to base 14.
-589c
What is 1447 (base 10) in base 16?
5a7
-12011020 (base 3) to base 4
-322233
Convert 1100100100001 (base 2) to base 5.
201213
544 (base 14) to base 11
866
What is -4251 (base 8) in base 15?
-9cc
What is -578 (base 12) in base 15?
-392
Convert -a4a (base 13) to base 15.
-7bc
5a5 (base 13) to base 6
4312
-1532 (base 14) to base 11
-2916
544 (base 7) to base 3
101021
Convert 10000101111101 (base 2) to base 13.
3b96
What is 102bc (base 14) in base 3?
1222110111
What is -3804 (base 11) in base 5?
-124330
Convert -63 (base 14) to base 16.
-57
Convert 323200 (base 4) to base 11.
2952
What is -289 (base 10) in base 7?
-562
-447 (base 13) to base 4
-23133
Convert 2698 (base 12) to base 14.
188c
Convert -1002121020 (base 3) to base 16.
-544b
What is -1a842 (base 12) i